base 9) to base 4.
-302331
-4150 (base 6) to base 11
-776
-10010 (base 2) to base 3
-200
Convert -531 (base 10) to base 16.
-213
What is 8135 (base 11) in base 7?
43336
135 (base 16) to base 12
219
What is 849 (base 13) in base 3?
1221100
Convert -2a0 (base 15) to base 11.
-4a6
-1222221 (base 3) to base 13
-880
-386 (base 16) to base 10
-902
-121103 (base 4) to base 13
-977
Convert -133d (base 16) to base 4.
-1030331
-533 (base 10) to base 13
-320
-3bc (base 15) to base 14
-44c
-212221 (base 3) to base 5
-10041
Convert 1c9b (base 14) to base 12.
3041
210212120 (base 3) to base 4
3321021
What is 988 (base 14) in base 8?
3534
What is 167b (base 14) in base 16?
fbd
Convert -343344 (base 5) to base 11.
-9307
Convert -1463 (base 7) to base 11.
-491
What is 100110001011 (base 2) in base 3?
10100111
What is -10630 (base 7) in base 8?
-5234
21101122 (base 3) to base 11
4060
What is -1064 (base 9) in base 13?
-487
-1290 (base 10) to base 2
-10100001010
What is -2909 (base 11) in base 8?
-7260
What is -78a (base 13) in base 14?
-689
4 (base 6) to base 5
4
15614 (base 8) to base 13
3296
What is -505c (base 14) in base 3?
-200221012
Convert 200 (base 7) to base 9.
118
What is 111001 (base 5) in base 15?
1236
Convert 33200 (base 4) to base 16.
3e0
Convert 121033 (base 4) to base 7.
4465
1111110000110 (base 2) to base 14
2d26
Convert 2870 (base 9) to base 16.
879
-1041042 (base 5) to base 6
-220332
Convert -3624 (base 7) to base 11.
-100a
What is -8a0a (base 12) in base 13?
-6c4c
Convert -50a6 (base 11) to base 9.
-10253
-2245 (base 8) to base 6
-5301
What is 32030 (base 5) in base 9?
2837
Convert 598 (base 12) to base 10.
836
What is -14e4 (base 15) in base 2?
-1000110001001
What is 21402 (base 6) in base 11?
2246
1587 (base 9) to base 3
1122221
What is -21e0 (base 15) in base 5?
-212220
121120 (base 3) to base 10
447
2222222 (base 3) to base 11
1708
Convert -1329 (base 12) to base 5.
-32233
What is -10000010001 (base 2) in base 9?
-1376
What is -10000011 (base 2) in base 6?
-335
365166 (base 7) to base 12
32693
Convert -51541 (base 6) to base 8.
-15365
554 (base 11) to base 9
817
What is 3130 (base 4) in base 16?
dc
1100000110010100 (base 2) to base 16
c194
What is -2006 (base 7) in base 5?
-10232
2051 (base 8) to base 12
749
What is 1223101 (base 4) in base 14?
2705
What is 1101010010111 (base 2) in base 14?
26a3
-20540 (base 8) to base 16
-2160
What is -582 (base 13) in base 2?
-1110110111
Convert 16208 (base 9) to base 10.
11105
-2656 (base 7) to base 13
-607
Convert 22002001 (base 3) to base 12.
34a7
What is -3b2 (base 15) in base 5?
-11332
What is 3910 (base 16) in base 15?
44dd
20012 (base 5) to base 11
a43
Convert 110110101 (base 2) to base 3.
121012
Convert 50545 (base 6) to base 12.
3a55
What is -1250 (base 6) in base 9?
-383
-29cc (base 13) to base 11
-4630
What is 3144 (base 14) in base 12?
4ab4
Convert 12110010 (base 3) to base 12.
2370
What is -7763 (base 8) in base 13?
-1b21
3320 (base 4) to base 5
1443
2046 (base 9) to base 5
22000
-404 (base 10) to base 13
-251
Convert 210222111 (base 3) to base 6.
202104
6c (base 14) to base 7
165
Convert 53a (base 13) to base 4.
31332
Convert 1110001010 (base 2) to base 4.
32022
Convert -40364 (base 11) to base 10.
-58997
7501 (base 9) to base 4
1112011
-100000010100110 (base 2) to base 7
-66152
1021213 (base 6) to base 16
c189
Convert 373 (base 11) to base 12.
30b
What is 1615 (base 7) in base 15?
2d4
1a21 (base 11) to base 5
40224
11100000111 (base 2) to base 10
1799
Convert -68c (base 15) to base 16.
-5ca
What is -20222001 (base 4) in base 13?
-131a6
Convert -21457 (base 8) to base 13.
-413b
Convert 32060 (base 7) to base 9.
11782
What is -5136 (base 10) in base 5?
-131021
What is -2a11 (base 15) in base 3?
-110100221
What is 131134 (base 5) in base 13?
2478
What is -10302 (base 5) in base 9?
-860
What is 31 (base 16) in base 14?
37
Convert 65 (base 16) to base 12.
85
What is -4248 (base 12) in base 9?
-10852
41765 (base 10) to base 8
121445
Convert 3a0 (base 13) to base 3.
212121
Convert -10466 (base 14) to base 8.
-114572
What is -15 (base 14) in base 16?
-13
What is 101000101001011 (base 2) in base 5?
1131221
Convert -2166 (base 11) to base 13.
-13b8
What is 630 (base 10) in base 2?
1001110110
Convert 1285b (base 13) to base 9.
52143
Convert 22420 (base 6) to base 12.
1a10
Convert -1000 (base 3) to base 4.
-123
What is 110011011 (base 2) in base 8?
633
What is -102101 (base 4) in base 9?
-1538
Convert -20033113 (base 4) to base 7.
-200254
What is 151 (base 8) in base 7?
210
1164 (base 11) to base 5
22042
Convert 1223 (base 13) to base 4.
220010
Convert -7bc6 (base 14) to base 15.
-65ad
-2212102 (base 3) to base 8
-4052
What is 495 (base 10) in base 4?
13233
5c24 (base 15) to base 11
13807
Convert -11110111 (base 2) to base 9.
-304
What is 2460 (base 7) in base 16?
39c
Convert -2a2 (base 11) to base 10.
-354
111010000000101 (base 2) to base 6
345301
-1121 (base 7) to base 10
-407
-12303 (base 4) to base 2
-110110011
What is 112303 (base 4) in base 16?
5b3
What is -a7 (base 11) in base 3?
-11100
Convert 2012211102 (base 3) to base 8.
125140
Convert -e1b (base 15) to base 3.
-11100122
Convert -2000 (base 4) to base 13.
-9b
-17a9 (base 16) to base 8
-13651
What is 3133 (base 5) in base 13?
262
346 (base 9) to base 5
2120
Convert -46a (base 13) to base 4.
-23330
17213 (base 8) to base 10
7819
9d1 (base 14) to base 11
1510
-512 (base 12) to base 15
-33e
Convert 8a37 (base 12) to base 3.
202222221
What is -20452 (base 8) in base 2?
-10000100101010
What is -41d (base 15) in base 7?
-2464
What is -1658 (base 11) in base 5?
-31440
What is -110112011 (base 3) in base 6?
-110134
Convert -355042 (base 6) to base 13.
-110c0
What is -89b (base 15) in base 10?
-1946
What is -b85a (base 14) in base 15?
-9672
What is -3e9 (base 15) in base 12?
-626
Convert 28b0 (base 13) to base 8.
13401
Convert -4444 (base 5) to base 6.
-2520
-5054 (base 6) to base 8
-2132
-2010111202 (base 3) to base 14
-113c8
121230 (base 4) to base 16
66c
Convert -160 (base 15) to base 11.
-267
What is -140513 (base 7) in base 5?
-1323131
What is -44540 (base 6) in base 12?
-3750
100112000 (base 3) to base 12
4023
Convert 1435 (base 8) to base 16.
31d
-123 (base 7) to base 4
-1002
What is -aa2 (base 12) in base 5?
-22222
What is 63 (base 8) in base 2?
110011
560 (base 14) to base 3
1110102
Convert -111000010000110 (base 2) to base 13.
-1015b
Convert 111110 (base 2) to base 14.
46
Convert -515 (base 10) to base 11.
-429
What is -2b67 (base 14) in base 5?
-221420
Convert -110120 (base 3) to base 15.
-179
What is -31334 (base 8) in base 14?
-4a60
1111001010 (base 2) to base 6
4254
What is -1254 (base 8) in base 2?
-1010101100
What is -1002011 (base 3) in base 10?
-787
What is 11244 (base 7) in base 10?
2874
-574 (base 14) to base 7
-3104
9421 (base 11) to base 6
133450
-1010110 (base 3) to base 5
-11242
-1101100 (base 2) to base 3
-11000
What is 26ba (base 14) in base 12?
3b50
-231211 (base 4) to base 6
-21301
Convert -24325 (base 6) to base 4.
-313331
14303 (base 6) to base 10
2271
What is 2e64 (base 16) in base 9?
17255
21203 (base 4) to base 8
1143
3060 (base 8) to base 4
120300
What is -827 (base 9) in base 12?
-481
Convert 17cb (base 15) to base 16.
1415
Convert -1622 (base 8) to base 3.
-1020212
Convert -2663 (base 9) to base 5.
-31001
-28817 (base 11) to base 8
-117724
What is 381 (base 10) in base 6?
1433
-10000001100011 (base 2) to base 12
-496b
What is 220 (base 8) in base 16?
90
-19625 (base 12) to base 9
-56002
-1220222 (base 3) to base 5
-21103
-10001001101 (base 2) to base 3
-1111210
Convert -a78 (base 11) to base 6.
-5555
What is -24644 (base 11) in base 6?
-431444
Convert 3e0 (base 15) to base 5.
12020
Convert -11011010 (base 3) to base 8.
-5723
What is 642 (base 10) in base 11?
534
-8814 (base 13) to base 3
-221222200
What is 10 (base 9) in base 3?
100
Convert b6e (base 15) to base 12.
15ab
-4a8 (base 12) to base 5
-10304
Convert -2c9 (base 13) to base 4.
-13313
Convert 1693 (base 15) to base 16.
12ff
What is -21056 (base 7) in base 8?
-12102
Convert -14554 (base 9) to base 6.
-113551
Convert 1331 (base 7) to base 13.
305
-4411 (base 6) to base 12
-707
Convert -44625 (base 7) to base 12.
-6649
Convert 179 (base 16) to base 15.